te s(7).
-10
Let k(q) = 8*q - 83. What is k(10)?
-3
Let s(y) = 2*y**2 + 41*y + 142. What is s(-16)?
-2
Let b(z) = -12*z + 126. Calculate b(10).
6
Let t(o) = -2*o + 52. Determine t(23).
6
Let p(i) = -2*i**2 + 14*i - 5. What is p(7)?
-5
Let w(h) = -5*h + 6. Determine w(10).
-44
Let i(v) = -4*v - 17. Determine i(-3).
-5
Let w(l) = 35*l - 22. Determine w(2).
48
Let p(x) = 2*x**2 + 26*x - 4. What is p(-13)?
-4
Let j(o) = -o**3 + 8*o**2 + 8*o + 11. Calculate j(9).
2
Let r(k) = -k**2 + 3*k - 13. Determine r(4).
-17
Let m(y) = y**3 - 6*y**2 + 5*y + 5. What is m(3)?
-7
Let w(t) = t**2 - 3. What is w(-6)?
33
Let w(b) = 5*b**2 + b - 1. Give w(-2).
17
Let b(u) = -u - 17. What is b(-7)?
-10
Let s(c) = -c**2 - 19*c + 72. What is s(-23)?
-20
Let k(z) = -z**2 + 11*z - 1. Give k(3).
23
Let c(x) = -5*x - 18. Calculate c(0).
-18
Let w(a) = 4*a - 5. Calculate w(-2).
-13
Let i(n) = -2*n**2 + 11*n + 8. Calculate i(6).
2
Let g(m) = -m**2 - 7*m - 29. Determine g(-10).
-59
Let g(r) = -r**3 + 6*r**2 - 16. Determine g(5).
9
Let v(u) = -4*u - 19. Calculate v(16).
-83
Let k(b) = -b**3 - 9*b**2 - 19*b + 2. Give k(-6).
8
Let r(l) = 11*l - 4. Determine r(3).
29
Let y(a) = a**3 + 5*a**2 - 4*a - 4. What is y(-4)?
28
Let a(f) = 47*f - 11. Determine a(1).
36
Let l(t) = -t**3 - 6*t**2 + 16*t + 11. Calculate l(-9).
110
Let h(g) = 2*g**2 - 13*g + 11. Calculate h(6).
5
Let d(a) = 3*a**2 + 17*a - 1. What is d(-6)?
5
Let o(v) = 113*v + 326. What is o(-3)?
-13
Let p(t) = 3*t**2 + 6*t - 6. Calculate p(-5).
39
Let j(z) = -2*z**3 + 15*z**2 + 44*z - 363. Calculate j(7).
-6
Let m(z) = 3*z - 9. What is m(8)?
15
Let x(c) = c**2 + 15*c + 50. Determine x(-7).
-6
Let x(g) = -4*g + 3. Determine x(-8).
35
Let v(z) = 6*z + 16. Determine v(-6).
-20
Let n(i) = i**3 - 5*i**2 + i - 1. Give n(2).
-11
Let k(w) = -w**2 + 4*w - 8. Give k(7).
-29
Let q(m) = m**2 + 11*m - 2. Calculate q(-10).
-12
Let g(c) = c**2 + 19*c + 11. What is g(-18)?
-7
Let n(a) = -a**3 + 4*a**2 + 16*a - 5. Calculate n(7).
-40
Let z(u) = -6*u**2 + 2*u + 18. Give z(-3).
-42
Let s(a) = 7*a + 73. Give s(-11).
-4
Let d(u) = u**3 + 21*u**2 + 25*u + 36. Give d(-20).
-64
Let y(c) = c + 11. Give y(-11).
0
Let v(c) = 39*c - 161. Determine v(4).
-5
Let o(z) = 7*z + 70. Determine o(-11).
-7
Let s(j) = j**3 - 16*j**2 + 21*j - 90. Calculate s(15).
0
Let u(y) = 17*y + 9. Determine u(2).
43
Let l(b) = -b**3 - 17*b**2 + 2. Determine l(-17).
2
Let g(r) = 12*r + 38. What is g(-4)?
-10
Let s(r) = -r**2 - 2*r - 2. Calculate s(-4).
-10
Let p(z) = 134*z - 1335. Determine p(10).
5
Let d(l) = l**2 + 25*l - 264. Give d(-32).
-40
Let m(q) = -6*q - 14. Give m(-4).
10
Let b(r) = r**3 + r**2 - 4*r - 2. What is b(-3)?
-8
Let i(l) = -2*l**3 + 9*l**2 + 23*l - 88. Give i(6).
-58
Let x(s) = s**3 - 21*s**2 + 16*s + 7. Determine x(20).
-73
Let n(k) = -k + 2. Calculate n(9).
-7
Let v(l) = 2*l + 18. Calculate v(-10).
-2
Let w(d) = 4*d - 8. What is w(-12)?
-56
Let k(h) = -h**3 + 13*h**2 - 21*h - 21. Determine k(11).
-10
Let k(w) = 2*w**3 - 3*w**2 + 2*w - 1. Give k(3).
32
Let s(b) = -b**3 - 8*b**2 - 6*b + 10. What is s(-7)?
3
Let h(o) = 4*o**2 - 19*o - 36. What is h(-2)?
18
Let g(x) = x - 11. Calculate g(7).
-4
Let k(v) = v**3 + 27*v**2 + 51*v + 16. Give k(-25).
-9
Let v(p) = 3*p**2 - 4*p + 3. Give v(1).
2
Let z(t) = -t**3 + 4*t**2 - 6. Determine z(4).
-6
Let j(w) = -23*w + 3. Determine j(3).
-66
Let c(q) = 47*q - 45. What is c(1)?
2
Let w(k) = 10*k - 48. What is w(13)?
82
Let o(q) = -q**2 - 14*q - 31. What is o(-11)?
2
Let c(n) = -n**3 + 13. What is c(0)?
13
Let r(h) = -h**2 - 3*h + 3. Determine r(-10).
-67
Let g(q) = -q**3 - 4*q**2 - 4*q + 1. Give g(-4).
17
Let j(c) = 14*c + 22. Calculate j(-4).
-34
Let x(z) = -z + 26. Give x(13).
13
Let r(j) = j**2 + 10*j - 35. Calculate r(3).
4
Let s(q) = -5*q**2 - 48*q + 2. Calculate s(-9).
29
Let s(a) = -a**2 + 7*a + 3. Calculate s(8).
-5
Let x(p) = -p**3 - 16*p**2 - 21*p + 14. Determine x(-15).
104
Let j(s) = -s - 5. Calculate j(4).
-9
Let l(f) = -2*f**2 + 4*f - 2. What is l(2)?
-2
Let z(m) = 2*m**3 + 24*m**2 + m. Give z(-12).
-12
Let i(h) = 8*h**3 + 2*h**2 - h. Determine i(1).
9
Let z(n) = 12*n - 148. What is z(13)?
8
Let x(m) = -2*m + 19. Give x(8).
3
Let j(h) = 3*h - 37. Determine j(10).
-7
Let t(j) = -j**2 + 12*j - 23. What is t(8)?
9
Let s(h) = h**3 + 3*h**2 - 17*h + 6. Determine s(-6).
0
Let w(y) = -8*y**2 + 2*y - 2. Give w(1).
-8
Let t(h) = -7*h + 26. What is t(15)?
-79
Let m(f) = f**3 + 17*f**2 + 58*f - 17. Calculate m(-12).
7
Let b(z) = -2*z**2 + 4*z + 40. Calculate b(-4).
-8
Let r(d) = -d - 5. What is r(2)?
-7
Let v(r) = 2*r**3 - r**2 - 4*r + 1. What is v(2)?
5
Let h(d) = -d**3 + 13*d**2 - 24*d + 30. Give h(11).
8
Let l(g) = -g**3 + 25*g**2 + 23*g + 68. Calculate l(26).
-10
Let c(n) = n**3 - n**2 - 29*n - 13. What is c(6)?
-7
Let z(m) = -m**2 - 18*m + 53. What is z(3)?
-10
Let c(m) = -m**3 + 12*m**2 - 7*m - 37. Give c(11).
7
Let c(y) = 2*y - 12. Calculate c(5).
-2
Let n(r) = r**3 - 9*r**2 - 5*r + 6. Calculate n(9).
-39
Let n(x) = 3*x**2 - 23*x + 41. Determine n(7).
27
Let j(p) = 8*p**2 + 11*p. Give j(-3).
39
Let b(g) = -3*g**2 + 4*g - 3. What is b(2)?
-7
Let n(l) = 2*l**3 - 29*l**2 + 40*l - 18. Calculate n(13).
-5
Let y(l) = 7*l - 1. Determine y(-6).
-43
Let r(p) = 11*p - 250. What is r(26)?
36
Let u(z) = -z**2 + 7*z + 10. What is u(11)?
-34
Let c(o) = o**2 - 101. What is c(0)?
-101
Let l(n) = 6*n. Determine l(-1).
-6
Let t(j) = 3*j. Give t(2).
6
Let z(b) = -21*b - 2. Calculate z(-1).
19
Let u(o) = -4*o - 32. Determine u(-8).
0
Let h(s) = 3*s**2 - 3*s - 53. What is h(-5)?
37
Let s(i) = i**2 - 13*i + 12. Determine s(12).
0
Let s(w) = -w**2 - 2*w + 5. Determine s(0).
5
Let v(g) = -g**3 + 43*g**2 - 4*g + 170. Determine v(43).
-2
Let w(o) = o - 5. Give w(9).
4
Let n(x) = -x**3 + 15*x**2 - 19*x + 65. What is n(14)?
-5
Let w(x) = -8*x**2 - 55*x + 14. What is w(-7)?
7
Let d(z) = -4*z - 59. What is d(-28)?
53
Let k(v) = 17*v - 10. Calculate k(3).
41
Let r(u) = u**2 - 10*u + 7. What is r(6)?
-17
Let p(n) = 3*n**2 - 59*n - 21. What is p(20)?
-1
Let d(f) = -f**2 + 12*f - 9. Calculate d(4).
23
Let v(l) = -2*l**2 - 6*l + 6. What is v(-6)?
-30
Let w(u) = u**2 - 2*u + 9. Calculate w(3).
12
Let m(c) = -c**3 + 22*c**2 + 23*c + 7. Determine m(23).
7
Let t(y) = -y**3 + 10*y**2 + y - 16. What is t(10)?
-6
Let y(l) = -l**3 + 2*l**2 - 4*l + 2. What is y(2)?
-6
Let f(j) = -3*j + 11. Give f(-7).
32
Let x(k) = -k - 4. Give x(-5).
1
Let v(y) = -y - 2. What is v(7)?
-9
Let d(s) = -3*s + 5. What is d(-4)?
17
Let l(j) = j**3 + 12*j**2 - j - 5. Give l(-12).
7
Let f(h) = h - 23. Calculate f(19).
-4
Let s(j) = 14*j + 25. Give s(-4).
-31
Let k(b) = -b + 10. What is k(4)?
6
Let z(i) = i**2 + 13*i - 10. Determine z(-14).
4
Let d(q) = -8*q**2 - 1. What is d(-1)?
-9
Let m(p) = 3*p + 4. Give m(1).
7
Let q(y) = y**3 - 3*y**2 + 7*y - 9. Give q(2).
1
Let o(l) = -l**2 + 9*l - 5. Calculate o(9).
-5
Let r(g) = -g**2 - 12*g - 10. Determine r(-13).
-23
Let y(w) = w**2 + w - 2. Calculate y(3).
10
Let k(i) = -i**3 - 6*i**2 - 4*i - 4. What is k(-5)?
-9
Let q(t) = -9*t**2 + 53*t + 10. Calculate q(6).
4
Let a(f) = -f**2 - 13*f - 6. Give a(-9).
30
Let t(z) = -z**3 - 16*z**2 - 21*z - 91. Determine t(-15).
-1
Let d(v) = v**3 + 5*v**2 - 8*v - 3. Determine d(-6).
9
Let q(a) = -a**2 + 5*a + 15. What is q(-4)?
-21
Let s(i) = -i**2 - 21*i - 18. Give s(-20).
2
Let o(x) = 2*x**2 - 11*x - 23. Give o(6).
-17
Let y(x) = x**2 - 5*x - 47. Determine y(11).
19
Let x(o) = o**3 + 8*o**2 - 13*o - 6. Give x(-9).
30
Let m(c) = -c**3 - 11*c**2 + 10*c - 17. Calculate m(-12).
7
Let x(r) = r**2 - 1. Give x(-1).
0
Let r(a) = a**3 + 4*a**2 - 4*a - 6. Determine r(-4).
10
Let j(l) = -2*l**2 - 3*l - 4. What is j(-4)?
-24
Let i(u) = -u**2 - 17*u - 32. Give i(-15).
-2
Let p(r) = r**3 + 23*r**2 - 26*r - 49. Determine p(-24).
-1
Let x(y) = -5*y + 22. Determine x(-8).
62
Let r(f) = f**3 + 10*f**2 - 23*f + 19. Determine r(-12).
7
Let w(z) = -z**2 + 3*z + 15. Give w(11).
-73
Let j(w) = -43*w + 252. Give j(6).
-6
Let i(f) = -f**3 + 5*f**2 + 2*f - 6. Calculate i(5).
4
Let a(w) = 16*w**3 + w**2 + 2*w - 2. Calculate a(1).
17
Let u(c) = -16*c**2 - 3*c + 6. Calculate u(1).
-13
Let l(w) = -3*w + 5. What is l(-3)?
14
Let c(m) = m**2 - 18*m + 50. Give c(3).
5
Let r(c) = -8*c. What is r(-1)?
8
Let q(g) = 24*g - 67. 